{"id":430,"date":"2014-03-22T19:37:59","date_gmt":"2014-03-22T19:37:59","guid":{"rendered":"http:\/\/cestchicagency.com\/Belindacordier\/?page_id=430"},"modified":"2025-06-09T16:21:49","modified_gmt":"2025-06-09T16:21:49","slug":"bio","status":"publish","type":"page","link":"http:\/\/cestchicagency.com\/Belindacordier\/","title":{"rendered":"BIO"},"content":{"rendered":"<p style=\"text-align: right;\"><em> \u00a0\u00a0\u00a0\u00a0\u00a0\u00a0\u00a0\u00a0\u00a0\u00a0\u00a0\u00a0\u00a0\u00a0\u00a0\u00a0\u00a0\u00a0\u00a0\u00a0\u00a0\u00a0\u00a0\u00a0\u00a0\u00a0\u00a0\u00a0\u00a0\u00a0\u00a0\u00a0\u00a0\u00a0\u00a0\u00a0\u00a0\u00a0\u00a0\u00a0\u00a0\u00a0\u00a0\u00a0\u00a0\u00a0\u00a0\u00a0\u00a0\u00a0\u00a0\u00a0\u00a0\u00a0\u00a0\u00a0\u00a0\u00a0\u00a0\u00a0\u00a0\u00a0\u00a0\u00a0\u00a0\u00a0\u00a0\u00a0\u00a0\u00a0\u00a0\u00a0\u00a0\u00a0\u00a0\u00a0\u00a0\u00a0\u00a0\u00a0\u00a0\u00a0\u00a0\u00a0\u00a0\u00a0\u00a0\u00a0\u00a0\u00a0\u00a0\u00a0\u00a0\u00a0\u00a0\u00a0\u00a0\u00a0\u00a0\u00a0\u00a0\u00a0\u00a0\u00a0\u00a0\u00a0\u00a0\u00a0\u00a0\u00a0\u00a0\u00a0\u00a0\u00a0\u00a0\u00a0\u00a0\u00a0\u00a0\u00a0\u00a0\u00a0\u00a0\u00a0\u00a0\u00a0\u00a0\u00a0\u00a0\u00a0\u00a0\u00a0\u00a0\u00a0\u00a0\u00a0\u00a0\u00a0\u00a0\u00a0\u00a0\u00a0\u00a0\u00a0\u00a0\u00a0\u00a0\u00a0\u00a0\u00a0\u00a0\u00a0\u00a0\u00a0\u00a0\u00a0\u00a0\u00a0\u00a0\u00a0\u00a0\u00a0\u00a0\u00a0\u00a0\u00a0\u00a0\u00a0\u00a0\u00a0\u00a0\u00a0\u00a0\u00a0\u00a0 <\/em><\/p>\n<h4 style=\"text-align: right;\"><strong>English version Below<\/strong><\/h4>\n<p>Bonjour et bienvenue !<br \/>\nJe travaille dans la mode et les m\u00e9dias depuis plus de 25 ans. Apr\u00e8s des \u00e9tudes en art et stylisme, j\u2019ai commenc\u00e9 comme designer \u00e0 la fin des ann\u00e9es 80, ensuite je suis devenue styliste de mode. J\u2019ai collabor\u00e9 \u00e0 des \u00e9ditoriaux, campagnes publicitaires, \u00e9missions TV et films, acqu\u00e9rant ainsi une exp\u00e9rience internationale et un solide carnet d&rsquo;adresse.<br \/>\nEn 2001, j\u2019ai fond\u00e9 l\u2019agence C\u2019est Chic, repr\u00e9sentant stylistes, photographes, coiffeurs et maquilleurs, j\u2019ai ainsi coordonn\u00e9 des productions en Belgique et \u00e0 l\u2019\u00e9tranger. Retrouvez ces projets dans la section Archives de ce site.<\/p>\n<p>Depuis 2013, j\u2019ai lanc\u00e9 <strong>Fashion Th\u00e9rapie<\/strong>, un service <strong>de conseil en image<\/strong> pour professionnels et particuliers. Je travaille notamment avec des journalistes et pr\u00e9sentateurs de la RTBF, et propose aussi des consultations personnalis\u00e9es, tri de garde robe, s\u00e9ances de shopping accompagn\u00e9es, des relookings ou conseils de style .<br \/>\nLa mode est ma passion. Je d\u00e9fends une approche plus \u00e9thique et responsable, en initiant par exemple mes clients \u00e0 la seconde main ou \u00e0 des choix durables. Mon approche est centr\u00e9e sur l\u2019humain, intuitive et bienveillante, enrichie par des ann\u00e9es de pratique du yoga et de la m\u00e9ditation.<br \/>\nAu plaisir de vous rencontrer !<\/p>\n<p>Belinda<\/p>\n<p><img loading=\"lazy\" decoding=\"async\" class=\"alignnone size-thumbnail wp-image-1199 alignright\" src=\"http:\/\/cestchicagency.com\/Belindacordier\/wp-content\/uploads\/2025\/05\/Belinda-300x300.jpg\" alt=\"\" width=\"300\" height=\"300\" \/><\/p>\n<p>Collaborations\u2028-Image style Consulting References for RTBF<\/p>\n<p style=\"text-align: left;\"><strong><em>Anne-Laure Macq, Walid, Elodie de Selys, C\u00e9dric Wautier, Sara De Paduwa, Tatiana Silva, Cathy Immelen, Malika Attar, Sophie Delacollette, Caroline Dossogne, Marie-Pierre Moulineau, Nicolas Xavier Ladouce, Dan Gagnon, St\u00e9phane Piedboeuf, Marjorie Billo, Fanny Gillard, Luc No\u00ebl, C\u00e9cile Bouniton, David Wathelet, Marie Bourguignon, C\u00e9cile Dunja, B\u00e9n\u00e9dicte Deprez, Fanny Jandrain, Sandrine Scourneau, Ma\u00ebva Fiston, Jessica Riga, Luana Fontana, Maureen Louis, Adrien Devyver.<\/em><\/strong><\/p>\n<p>&nbsp;<\/p>\n<p><em>Hello and welcome!<\/em><br \/>\n<em>I\u2019ve worked in fashion and media for over 25 years. After studying art and styling, I began as a designer in the late &rsquo;80s and later became a fashion stylist. I\u2019ve collaborated on editorials, ad campaigns, TV shows, and films, gaining international experience as well as a strong address book.<\/em><br \/>\n<em>In 2001, I founded C\u2019est Chic Agency, representing stylists, photographers, hair and makeup artists, and managing productions in Belgium and abroad. You can explore these projects in the Archives section.<\/em><br \/>\n<em>In 2013, I launched <strong>Fashion Th\u00e9rapie<\/strong>, <strong>a personal and professional image consulting service<\/strong>. I work closely with RTBF journalists and presenters on their on-screen style, and also offer private consultations to individuals seeking wardrobe updates and personal styling, as well as accompanied shopping sessions in Brussels.<\/em><br \/>\n<em>Fashion has always been my passion. I\u2019m committed to ethical fashion, encouraging clients to explore second-hand clothing and sustainable choices. My approach is people-centered, respectful, and intuitive\u2014supported by years of yoga and meditation practice.<\/em><br \/>\n<em>Looking forward to connecting with you!<\/em><\/p>\n<p>Belinda<\/p>\n","protected":false},"excerpt":{"rendered":"<p>\u00a0\u00a0\u00a0\u00a0\u00a0\u00a0\u00a0\u00a0\u00a0\u00a0\u00a0\u00a0\u00a0\u00a0\u00a0\u00a0\u00a0\u00a0\u00a0\u00a0\u00a0\u00a0\u00a0\u00a0\u00a0\u00a0\u00a0\u00a0\u00a0\u00a0\u00a0\u00a0\u00a0\u00a0\u00a0\u00a0\u00a0\u00a0\u00a0\u00a0\u00a0\u00a0\u00a0\u00a0\u00a0\u00a0\u00a0\u00a0\u00a0\u00a0\u00a0\u00a0\u00a0\u00a0\u00a0\u00a0\u00a0\u00a0\u00a0\u00a0\u00a0\u00a0\u00a0\u00a0\u00a0\u00a0\u00a0\u00a0\u00a0\u00a0\u00a0\u00a0\u00a0\u00a0\u00a0\u00a0\u00a0\u00a0\u00a0\u00a0\u00a0\u00a0\u00a0\u00a0\u00a0\u00a0\u00a0\u00a0\u00a0\u00a0\u00a0\u00a0\u00a0\u00a0\u00a0\u00a0\u00a0\u00a0\u00a0\u00a0\u00a0\u00a0\u00a0\u00a0\u00a0\u00a0\u00a0\u00a0\u00a0\u00a0\u00a0\u00a0\u00a0\u00a0\u00a0\u00a0\u00a0\u00a0\u00a0\u00a0\u00a0\u00a0\u00a0\u00a0\u00a0\u00a0\u00a0\u00a0\u00a0\u00a0\u00a0\u00a0\u00a0\u00a0\u00a0\u00a0\u00a0\u00a0\u00a0\u00a0\u00a0\u00a0\u00a0\u00a0\u00a0\u00a0\u00a0\u00a0\u00a0\u00a0\u00a0\u00a0\u00a0\u00a0\u00a0\u00a0\u00a0\u00a0\u00a0\u00a0\u00a0\u00a0\u00a0\u00a0\u00a0\u00a0\u00a0\u00a0\u00a0\u00a0\u00a0\u00a0\u00a0\u00a0\u00a0 English version Below Bonjour et bienvenue ! Je travaille dans la mode et les m\u00e9dias depuis plus de 25 ans. Apr\u00e8s des \u00e9tudes en art et stylisme, j\u2019ai commenc\u00e9 comme designer \u00e0 la fin des ann\u00e9es 80, ensuite je suis devenue styliste de mode. J\u2019ai collabor\u00e9 \u00e0 des \u00e9ditoriaux, &hellip; <\/p>\n","protected":false},"author":2,"featured_media":0,"parent":0,"menu_order":0,"comment_status":"closed","ping_status":"closed","template":"","meta":{"footnotes":""},"class_list":["post-430","page","type-page","status-publish","hentry"],"_links":{"self":[{"href":"http:\/\/cestchicagency.com\/Belindacordier\/wp-json\/wp\/v2\/pages\/430","targetHints":{"allow":["GET"]}}],"collection":[{"href":"http:\/\/cestchicagency.com\/Belindacordier\/wp-json\/wp\/v2\/pages"}],"about":[{"href":"http:\/\/cestchicagency.com\/Belindacordier\/wp-json\/wp\/v2\/types\/page"}],"author":[{"embeddable":true,"href":"http:\/\/cestchicagency.com\/Belindacordier\/wp-json\/wp\/v2\/users\/2"}],"replies":[{"embeddable":true,"href":"http:\/\/cestchicagency.com\/Belindacordier\/wp-json\/wp\/v2\/comments?post=430"}],"version-history":[{"count":21,"href":"http:\/\/cestchicagency.com\/Belindacordier\/wp-json\/wp\/v2\/pages\/430\/revisions"}],"predecessor-version":[{"id":1266,"href":"http:\/\/cestchicagency.com\/Belindacordier\/wp-json\/wp\/v2\/pages\/430\/revisions\/1266"}],"wp:attachment":[{"href":"http:\/\/cestchicagency.com\/Belindacordier\/wp-json\/wp\/v2\/media?parent=430"}],"curies":[{"name":"wp","href":"https:\/\/api.w.org\/{rel}","templated":true}]}}

<p style="text-align: right;"><em>                                                                                                                                                                                 </em></p>
<h4 style="text-align: right;"><strong>English version Below</strong></h4>
<p>Bonjour et bienvenue !<br />
Je travaille dans la mode et les médias depuis plus de 25 ans. Après des études en art et stylisme, j’ai commencé comme designer à la fin des années 80, ensuite je suis devenue styliste de mode. J’ai collaboré à des éditoriaux, campagnes publicitaires, émissions TV et films, acquérant ainsi une expérience internationale et un solide carnet d&rsquo;adresse.<br />
En 2001, j’ai fondé l’agence C’est Chic, représentant stylistes, photographes, coiffeurs et maquilleurs, j’ai ainsi coordonné des productions en Belgique et à l’étranger. Retrouvez ces projets dans la section Archives de ce site.</p>
<p>Depuis 2013, j’ai lancé <strong>Fashion Thérapie</strong>, un service <strong>de conseil en image</strong> pour professionnels et particuliers. Je travaille notamment avec des journalistes et présentateurs de la RTBF, et propose aussi des consultations personnalisées, tri de garde robe, séances de shopping accompagnées, des relookings ou conseils de style .<br />
La mode est ma passion. Je défends une approche plus éthique et responsable, en initiant par exemple mes clients à la seconde main ou à des choix durables. Mon approche est centrée sur l’humain, intuitive et bienveillante, enrichie par des années de pratique du yoga et de la méditation.<br />
Au plaisir de vous rencontrer !</p>
<p>Belinda</p>
<p><img loading="lazy" decoding="async" class="alignnone size-thumbnail wp-image-1199 alignright" src="http://cestchicagency.com/Belindacordier/wp-content/uploads/2025/05/Belinda-300x300.jpg" alt="" width="300" height="300" /></p>
<p>Collaborations -Image style Consulting References for RTBF</p>
<p style="text-align: left;"><strong><em>Anne-Laure Macq, Walid, Elodie de Selys, Cédric Wautier, Sara De Paduwa, Tatiana Silva, Cathy Immelen, Malika Attar, Sophie Delacollette, Caroline Dossogne, Marie-Pierre Moulineau, Nicolas Xavier Ladouce, Dan Gagnon, Stéphane Piedboeuf, Marjorie Billo, Fanny Gillard, Luc Noël, Cécile Bouniton, David Wathelet, Marie Bourguignon, Cécile Dunja, Bénédicte Deprez, Fanny Jandrain, Sandrine Scourneau, Maëva Fiston, Jessica Riga, Luana Fontana, Maureen Louis, Adrien Devyver.</em></strong></p>
<p>&nbsp;</p>
<p><em>Hello and welcome!</em><br />
<em>I’ve worked in fashion and media for over 25 years. After studying art and styling, I began as a designer in the late &rsquo;80s and later became a fashion stylist. I’ve collaborated on editorials, ad campaigns, TV shows, and films, gaining international experience as well as a strong address book.</em><br />
<em>In 2001, I founded C’est Chic Agency, representing stylists, photographers, hair and makeup artists, and managing productions in Belgium and abroad. You can explore these projects in the Archives section.</em><br />
<em>In 2013, I launched <strong>Fashion Thérapie</strong>, <strong>a personal and professional image consulting service</strong>. I work closely with RTBF journalists and presenters on their on-screen style, and also offer private consultations to individuals seeking wardrobe updates and personal styling, as well as accompanied shopping sessions in Brussels.</em><br />
<em>Fashion has always been my passion. I’m committed to ethical fashion, encouraging clients to explore second-hand clothing and sustainable choices. My approach is people-centered, respectful, and intuitive—supported by years of yoga and meditation practice.</em><br />
<em>Looking forward to connecting with you!</em></p>
<p>Belinda</p>

<p>                                                                                                                                                                                English version Below Bonjour et bienvenue ! Je travaille dans la mode et les médias depuis plus de 25 ans. Après des études en art et stylisme, j’ai commencé comme designer à la fin des années 80, ensuite je suis devenue styliste de mode. J’ai collaboré à des éditoriaux, &hellip; </p>
