{"id":1482,"date":"2025-09-15T06:40:59","date_gmt":"2025-09-15T06:40:59","guid":{"rendered":"http:\/\/cestchicagency.com\/Belindacordier\/?page_id=1482"},"modified":"2025-09-16T10:36:00","modified_gmt":"2025-09-16T10:36:00","slug":"fashion-tour","status":"publish","type":"page","link":"http:\/\/cestchicagency.com\/Belindacordier\/therapie\/services\/fashion-tour\/","title":{"rendered":"FASHION TOUR"},"content":{"rendered":"\r\n<figure class=\"wp-block-image\"><img loading=\"lazy\" decoding=\"async\" width=\"500\" height=\"375\" class=\"wp-image-1282\" src=\"http:\/\/cestchicagency.com\/Belindacordier\/wp-content\/uploads\/2025\/06\/IMG_3950-500x375.jpg\" alt=\"\" srcset=\"http:\/\/cestchicagency.com\/Belindacordier\/wp-content\/uploads\/2025\/06\/IMG_3950-500x375.jpg 500w, http:\/\/cestchicagency.com\/Belindacordier\/wp-content\/uploads\/2025\/06\/IMG_3950-1024x768.jpg 1024w, http:\/\/cestchicagency.com\/Belindacordier\/wp-content\/uploads\/2025\/06\/IMG_3950-768x576.jpg 768w, http:\/\/cestchicagency.com\/Belindacordier\/wp-content\/uploads\/2025\/06\/IMG_3950-1536x1152.jpg 1536w, http:\/\/cestchicagency.com\/Belindacordier\/wp-content\/uploads\/2025\/06\/IMG_3950-2048x1536.jpg 2048w\" sizes=\"auto, (max-width: 500px) 100vw, 500px\" \/><\/figure>\r\n\r\n<p>&nbsp;<\/p>\r\n\r\n<figure class=\"wp-block-table\">\r\n<table class=\"has-fixed-layout\">\r\n<tbody>\r\n<tr>\r\n<td>Service<\/td>\r\n<td>Description<\/td>\r\n<td>Prix<\/td>\r\n<\/tr>\r\n<tr>\r\n<td>Fashion tour<\/td>\r\n<td>2 heures 30\u00a0<\/td>\r\n<td>250 \u20ac*<\/td>\r\n<\/tr>\r\n<tr>\r\n<td>Fashion tour<\/td>\r\n<td>3 heures 30\u00a0<\/td>\r\n<td>350 \u20ac*<\/td>\r\n<\/tr>\r\n<\/tbody>\r\n<\/table>\r\n<\/figure>\r\n\r\n<p>&nbsp;<\/p>\r\n\r\n<p>&nbsp;<\/p>\r\n\r\n\r\n\r\n<p><strong>Possibilit\u00e9 de duo ou petit groupe. Me contacter .<\/strong><\/p>\r\n\r\n\r\n\r\n<p><strong>Payement requis d\u2019une avance de 50 % avant la s\u00e9ance.<\/strong><\/p>\r\n\r\n\r\n\r\n<p><strong>D\u00e9couvrir Bruxelles sous toutes ses coutures, c\u00f4t\u00e9 shopping.\u2028 Un parcours mode personnalis\u00e9 \u00e0 travers les quartiers de la ville.\u2028Des concept stores aux boutiques de designers les plus internationalement connus ou \u00e9mergents, en passant par les meilleures boutiques seconde main ou vintage shops.<\/strong><\/p>\r\n\r\n\r\n\r\n<p>J\u2019\u00e9tablis le parours selon vos d\u00e9sirs ,tendances et budget\u00a0 :<br \/>Parcours mode Belge , seconde main, Dowtown , Uptown, Free style \u2026 Tout est possible .<\/p>\r\n\r\n\r\n\r\n<p>_________________________________________________________________________________________<\/p>\r\n\r\n\r\n\r\n<figure class=\"wp-block-table\">\r\n<table class=\"has-fixed-layout\">\r\n<tbody>\r\n<tr>\r\n<td><em>Service<\/em><\/td>\r\n<td><em>Description<\/em><\/td>\r\n<td><em>Rate<\/em><\/td>\r\n<\/tr>\r\n<tr>\r\n<td><em>Fashion tour<\/em><\/td>\r\n<td>session. 2 hours 30<\/td>\r\n<td>250 \u20ac<\/td>\r\n<\/tr>\r\n<tr>\r\n<td>Fashion tour<\/td>\r\n<td>session. 3 hours 30<\/td>\r\n<td>350 \u20ac<\/td>\r\n<\/tr>\r\n<\/tbody>\r\n<\/table>\r\n<\/figure>\r\n\r\n\r\n\r\n<p><em><strong>A 50% deposit is required to confirm your session.<\/strong><\/em><\/p>\r\n\r\n\r\n\r\n<p><strong data-start=\"177\" data-end=\"205\">Brussels, Styled for You<\/strong><br data-start=\"205\" data-end=\"208\" \/><em><strong>Step into Brussels\u2019 fashion scene with a unique shopping experience designed entirely around you.<\/strong><\/em><br data-start=\"305\" data-end=\"308\" \/><em><strong>From cutting-edge concept stores to world-renowned designer boutiques, from rising talents to the city\u2019s most coveted vintage and second-hand gems \u2013 every stop is carefully selected to match your style and desires.<\/strong><\/em><\/p>\r\n\r\n\r\n\r\n<p><em>Whether you dream of discovering Belgian fashion, curating timeless vintage pieces, or mixing uptown chic with downtown cool, your itinerary is crafted exclusively for you.<\/em><\/p>\r\n\r\n\r\n<hr class=\"wp-block-separator has-alpha-channel-opacity\" \/>\r\n\r\n\r\n<pre><a href=\"http:\/\/cestchicagency.com\/Belindacordier\/therapie\/services\/fashion-consultation\/\">FASHION CONSULTATION<\/a>\u00a0 \/\u00a0 <a href=\"http:\/\/cestchicagency.com\/Belindacordier\/wardobe-detox\/\/\">WARDOBE DETOX<\/a> \/ <a href=\"http:\/\/cestchicagency.com\/Belindacordier\/personal-shopping\/\">PERSONAL SHOPPING <\/a>\/ <a href=\"http:\/\/cestchicagency.com\/Belindacordier\/fashion-tour\/\">FASHION TOURS<\/a> \/<a href=\"http:\/\/cestchicagency.com\/Belindacordier\/special-occasions\/\">SPECIAL OCCASIONS<\/a> \/ <a href=\"http:\/\/cestchicagency.com\/Belindacordier\/service-pro\/\">SERVICE PRO<\/a><\/pre>\r\n<hr \/>","protected":false},"excerpt":{"rendered":"<p>&nbsp; Service Description Prix Fashion tour 2 heures 30\u00a0 250 \u20ac* Fashion tour 3 heures 30\u00a0 350 \u20ac* &nbsp; &nbsp; Possibilit\u00e9 de duo ou petit groupe. Me contacter . Payement requis d\u2019une avance de 50 % avant la s\u00e9ance. D\u00e9couvrir Bruxelles sous toutes ses coutures, c\u00f4t\u00e9 shopping.\u2028 Un parcours mode &hellip; <\/p>\n","protected":false},"author":2,"featured_media":0,"parent":1186,"menu_order":0,"comment_status":"closed","ping_status":"closed","template":"","meta":{"footnotes":""},"class_list":["post-1482","page","type-page","status-publish","hentry"],"_links":{"self":[{"href":"http:\/\/cestchicagency.com\/Belindacordier\/wp-json\/wp\/v2\/pages\/1482","targetHints":{"allow":["GET"]}}],"collection":[{"href":"http:\/\/cestchicagency.com\/Belindacordier\/wp-json\/wp\/v2\/pages"}],"about":[{"href":"http:\/\/cestchicagency.com\/Belindacordier\/wp-json\/wp\/v2\/types\/page"}],"author":[{"embeddable":true,"href":"http:\/\/cestchicagency.com\/Belindacordier\/wp-json\/wp\/v2\/users\/2"}],"replies":[{"embeddable":true,"href":"http:\/\/cestchicagency.com\/Belindacordier\/wp-json\/wp\/v2\/comments?post=1482"}],"version-history":[{"count":26,"href":"http:\/\/cestchicagency.com\/Belindacordier\/wp-json\/wp\/v2\/pages\/1482\/revisions"}],"predecessor-version":[{"id":1651,"href":"http:\/\/cestchicagency.com\/Belindacordier\/wp-json\/wp\/v2\/pages\/1482\/revisions\/1651"}],"up":[{"embeddable":true,"href":"http:\/\/cestchicagency.com\/Belindacordier\/wp-json\/wp\/v2\/pages\/1186"}],"wp:attachment":[{"href":"http:\/\/cestchicagency.com\/Belindacordier\/wp-json\/wp\/v2\/media?parent=1482"}],"curies":[{"name":"wp","href":"https:\/\/api.w.org\/{rel}","templated":true}]}}